mon factor of 80 and 71088.
16
What is the greatest common divisor of 57824 and 98968?
1112
What is the highest common factor of 45744 and 7284?
12
Calculate the greatest common factor of 6375 and 15657.
51
Calculate the greatest common factor of 32791 and 363.
121
Calculate the greatest common divisor of 3718614 and 34.
34
Calculate the greatest common divisor of 8 and 186488.
8
What is the highest common factor of 7452 and 345?
69
Calculate the greatest common divisor of 16702 and 9940.
14
What is the greatest common factor of 8064 and 3712?
128
What is the greatest common divisor of 1938 and 235008?
102
What is the highest common factor of 57056 and 1168?
16
Calculate the highest common divisor of 200039 and 119.
119
Calculate the highest common factor of 123 and 3411.
3
Calculate the greatest common divisor of 321710 and 53.
53
Calculate the greatest common divisor of 221151 and 21.
21
Calculate the highest common factor of 495 and 62535.
165
What is the highest common divisor of 6970 and 106641?
697
What is the greatest common divisor of 220 and 164516?
44
What is the highest common divisor of 8 and 437816?
8
What is the highest common factor of 297 and 69817?
11
Calculate the greatest common factor of 74 and 2084987.
37
Calculate the highest common divisor of 109461 and 99.
33
What is the highest common factor of 328 and 18532?
164
Calculate the greatest common factor of 53 and 107.
1
Calculate the highest common factor of 1255 and 260.
5
Calculate the highest common factor of 56 and 104741.
7
What is the highest common divisor of 45 and 66375?
45
What is the highest common factor of 15528 and 9168?
24
Calculate the greatest common divisor of 14375 and 506.
23
Calculate the highest common factor of 32636 and 3980.
796
What is the highest common divisor of 276308 and 335?
67
Calculate the greatest common divisor of 11404 and 4.
4
What is the highest common factor of 106147 and 13639?
593
What is the highest common divisor of 1336 and 7752808?
1336
Calculate the greatest common factor of 243 and 2038041.
243
What is the greatest common factor of 65 and 45006?
13
Calculate the highest common factor of 7 and 122783.
1
Calculate the greatest common factor of 4683881 and 205.
41
What is the greatest common divisor of 243905 and 85?
5
Calculate the greatest common factor of 68322 and 772.
386
Calculate the highest common divisor of 176 and 230.
2
What is the highest common factor of 2210 and 170?
170
What is the highest common factor of 611 and 222365?
13
What is the greatest common divisor of 12930 and 873206?
862
What is the highest common divisor of 54112 and 320?
32
Calculate the greatest common factor of 5634 and 99.
9
What is the highest common divisor of 1960401 and 114?
57
What is the highest common factor of 8206 and 2354?
22
Calculate the greatest common divisor of 115560 and 135.
135
What is the greatest common divisor of 121 and 10747?
11
Calculate the highest common divisor of 2563 and 1401728.
233
What is the greatest common divisor of 330 and 1328646?
66
What is the highest common factor of 104643 and 25641?
693
Calculate the highest common factor of 125 and 17300.
25
Calculate the highest common factor of 4901 and 2028.
169
Calculate the highest common factor of 11967 and 1053.
3
What is the greatest common factor of 397 and 28?
1
Calculate the highest common divisor of 486080 and 310.
310
What is the highest common factor of 3896206 and 47?
47
Calculate the highest common divisor of 161350 and 4149.
461
What is the highest common factor of 62769 and 84?
21
Calculate the highest common divisor of 1390 and 6590.
10
Calculate the greatest common divisor of 7128 and 7744.
88
What is the greatest common factor of 310 and 44516?
62
What is the highest common divisor of 833 and 1615663?
119
What is the highest common factor of 1298 and 8378?
118
What is the greatest common factor of 630 and 29043?
63
Calculate the highest common divisor of 18020 and 220.
20
What is the highest common divisor of 4179 and 18627?
21
Calculate the highest common divisor of 130 and 2065830.
130
What is the highest common divisor of 9120 and 1488?
48
What is the highest common factor of 2730 and 25441?
13
What is the greatest common factor of 42264 and 984?
24
What is the highest common divisor of 272 and 229942?
34
What is the greatest common factor of 3401 and 779?
19
Calculate the greatest common factor of 202 and 86961.
101
Calculate the greatest common factor of 49945 and 2205.
35
Calculate the greatest common factor of 429524 and 501.
167
Calculate the highest common factor of 152 and 246240.
152
What is the highest common factor of 632 and 172220?
316
Calculate the greatest common factor of 36 and 50877.
9
Calculate the greatest common factor of 228 and 278274.
114
What is the highest common factor of 6493 and 1591?
43
Calculate the highest common factor of 630 and 2338.
14
Calculate the highest common factor of 3763403 and 301.
301
What is the greatest common factor of 864 and 314928?
432
Calculate the highest common divisor of 104 and 4628.
52
Calculate the highest common divisor of 171 and 89053.
19
Calculate the greatest common factor of 3906 and 5301.
279
What is the greatest common factor of 1122 and 360558?
66
What is the highest common factor of 8000 and 30250?
250
Calculate the greatest common factor of 61793 and 244.
61
What is the greatest common factor of 109710 and 345?
345
Calculate the greatest common divisor of 15 and 110070.
15
What is the highest common divisor of 235 and 234765?
235
Calculate the highest common divisor of 457360 and 320.
80
Calculate the greatest common factor of 4 and 218.
2
Calculate the greatest common factor of 86 and 9114409.
43
Calculate the highest common factor of 169 and 16315.
13
What is the highest common factor of 247 and 488813?
247
Calculate the highest common factor of 321948 and 352.
44
What is the greatest common divisor of 108706 and 9139?
481
Calculate the highest common divisor of 4096 and 70.
2
Calculate the highest common divisor of 45 and 648108.
9
What is the highest common factor of 2104 and 328?
8
What is the greatest common factor of 150 and 6650?
50
What is the highest common factor of 6908 and 45844?
628
What is the highest common divisor of 12032 and 5888?
256
What is the highest common divisor of 16 and 43608?
8
Calculate the greatest common divisor of 118 and 154.
2
Calculate the greatest common factor of 76531 and 609.
203
What is the greatest common factor of 3912 and 840?
24
Calculate the highest common divisor of 209168 and 72286.
1538
What is the greatest common divisor of 405 and 63?
9
What is the highest common factor of 429 and 22759?
11
What is the greatest common factor of 376 and 3807?
47
What is the greatest common factor of 102 and 827815?
17
What is the highest common factor of 217 and 1561?
7
Calculate the highest common divisor of 256720 and 4880.
80
Calculate the greatest common factor of 801905 and 195.
65
Calculate the highest common divisor of 437 and 13148.
19
Calculate the greatest common divisor of 1 and 449504.
1
Calculate the highest common factor of 429 and 351.
39
What is the highest common factor of 72128 and 138?
46
What is the highest common factor of 195 and 185835?
195
Calculate the greatest common factor of 379578 and 492.
246
Calculate the greatest common divisor of 491013 and 18423.
801
Calculate the highest common factor of 26070 and 385.
55
Calculate the greatest common divisor of 144 and 1184.
16
What is the highest common divisor of 221 and 618137?
221
What is the highest common factor of 276842 and 596?
298
Calculate the greatest common factor of 589 and 1387.
19
Calculate the greatest common divisor of 4160 and 156.
52
What is the greatest common divisor of 170 and 36295?
85
What is the greatest common factor of 415324 and 588?
196
What is the greatest common factor of 12 and 12318?
6
Calculate the greatest common divisor of 19229 and 10045.
287
What is the greatest common factor of 12705 and 1785?
105
What is the greatest common factor of 40 and 159710?
10
Calculate the greatest common divisor of 176 and 16379.
11
What is the greatest common factor of 16715 and 10?
5
What is the greatest common factor of 16322 and 8?
2
Calculate the grea